+ f**4/3 + 2*f**3/3 - 13*f**2. Let j = -1468 - -1474. Determine r(j).
-20
Let p(t) = 29*t**2 - 2*t - 1. Let q = -139 - -140. Suppose -4*x + 3*l + 2 = 0, -q - 13 = 4*x + 5*l. Give p(x).
30
Let g = -33 - -47. Let z = g - 3. Let q(j) = 0*j**2 + j + 5*j**2 - z*j**2 - 3*j - j**3. Calculate q(-5).
-15
Let u be (-126)/10 - (-84)/140. Let z be ((-3)/u)/((-4)/(-48)). Let x(g) = -2*g**2 + 3*g - 2. What is x(z)?
-11
Let m(t) = -t - 222 + 497 - 272. What is m(10)?
-7
Let b(d) be the first derivative of -d**4/4 - 5*d**3/3 - d**2 - 1. Let s = -112 - -127. Suppose -s*a - 3 - 27 = 0. Calculate b(a).
-8
Let h(z) be the first derivative of 22*z**2 - 221*z - 4037. What is h(5)?
-1
Let v(n) = n + 16. Let i = 599 + -634. Let b be ((-30)/i)/((15/(-70))/3). Calculate v(b).
4
Let w(z) be the first derivative of -z**4/4 + 2*z**3 + 7*z**2/2 - 4*z - 173. Give w(5).
56
Let p(r) be the second derivative of r**4/4 + r**3/3 - 2*r**2 + 182*r. What is p(4)?
52
Suppose 5*l + 70 = 3*x - 27, 4*x = 5*l + 96. Let m(b) = -32*b - 641. Determine m(l).
-1
Let n(f) = -f**2 + f - 4. Let b(g) = 2*g + 60. Let t be b(-27). Let m be (-2)/(-6) - (0 - t/(-18)). Give n(m).
-4
Let c(w) = 2*w - 1. Let j(a) = 2*a**2 + 19*a - 6. Let n be j(-8). Let h be n/(-15) - 3/(-1). What is c(h)?
9
Let j(a) = a + 9. Let o be j(-7). Let g = -2627 + 2630. Suppose -4 = g*w + o*r - 13, -5 = w - 2*r. Let c(l) = 7*l**3 - 2*l**2 + 2*l - 1. What is c(w)?
6
Let i = -710 + 306. Let n = -407 - i. Let t(k) = 7*k + 12. Give t(n).
-9
Let z(f) = 3*f + 1. Suppose -5*v - v - 264 = 0. Let c be 18/(v/8 - -4). Let p be (-3)/9 - c/9. Determine z(p).
4
Let a(g) = -g**3 - 6*g**2 - g + 3. Let l(y) = -47*y + 13. Let r be l(11). Let u = 498 + r. What is a(u)?
9
Let f(b) = b**3 + b**2 - b - 2. Let y(l) = -3*l**3 + 2*l**2 + 7*l + 10. Let p(q) = 4*f(q) + y(q). Let d = -71 + 87. Let g = d - 20. Give p(g).
22
Let u = -21379 + 21379. Let x(q) = q**3 - 8. Determine x(u).
-8
Let i(m) be the first derivative of m**4 - m**3/3 + m**2/2 + 327. Suppose -n + 5*p + 21 = 0, -3*n + 3*p + 2 + 13 = 0. Calculate i(n).
4
Let x(v) = 2*v - 16. Suppose -28*j + 33*j - 48 = -3*k, -j - 52 = -5*k. Give x(k).
6
Let f be 18 + (-12)/(-15)*5. Let z(o) = -5 - f - o**2 + 29 + 5*o. What is z(6)?
-4
Let n(p) = -16*p**3 + 11*p**2 - 10. Let g(y) = 16*y**3 - 13*y**2 + 12. Let i(b) = 5*g(b) + 6*n(b). Let l be -3 - -1*(1 - -1). Give i(l).
17
Let s(w) = -w - 10. Let y(u) = 3*u + 30. Let j(h) = 17*s(h) + 6*y(h). Suppose 0 = 3*p - 242*f + 243*f - 7, -5*p + 3*f = -77. Calculate j(p).
17
Let t(n) = n**2 + 14*n + 12. Let s be -30*14/(-168)*-6. What is t(s)?
27
Let h(j) = -j**3 - 43*j**2 + 242*j + 100. Let n be h(-48). Let f(t) = -7*t**2 + t + 5. Give f(n).
-103
Let q(b) = -2*b + 4. Let c = 100 + -100. Suppose c = 4*i + 9 - 1. Let u be q(i). Let k(a) = -a**2 + 9*a - 5. Determine k(u).
3
Suppose 33 + 22 = -110*m - 55. Let s(n) = 16*n**3 + 2*n**2 + 4*n + 3. Calculate s(m).
-15
Let r(x) be the third derivative of x**5/60 - x**4/2 + 7*x**3/3 + 18*x**2 - 2*x - 74. Let u = -23 + 33. Determine r(u).
-6
Let k(l) = -163*l**2 - 15*l + 7. Let d be k(2). Let j = d + 676. Let z(n) = -4*n - 2*n**2 + 6*n - 1 - 31*n**3 + 6*n**3. What is z(j)?
-26
Let q(i) = -154*i - 81. Let x(y) = 370*y + 202. Let m(w) = -12*q(w) - 5*x(w). Determine m(-18).
-2
Let n(b) be the first derivative of b**2/2 - 7*b - 517. Determine n(1).
-6
Let p(a) = -a**2 + 16*a - 28. Let z be (147/(-12))/(-1) - 1*(-3)/4. What is p(z)?
11
Let f(w) = 23*w**2 + 3*w - 4. Let a be f(1). Let u(p) = -p**3 + 20*p**2 + 45*p - 20. Let x be u(a). Let r(d) = -9*d - 1. Give r(x).
-19
Let z(h) = 18*h - 78*h - 68 + 46*h. What is z(-4)?
-12
Suppose 0 = -u - 1, -4*r + 12 = -3*u - 19. Suppose -r*a + 4*a = -24. Let f(t) be the second derivative of -t**3/3 + 5*t**2 + 13*t + 6. Determine f(a).
-6
Suppose -198 = 585*x - 594*x. Let q(r) = -r**2 + 26*r - 57*r + x*r + 4 + 14*r. Let s = 8 + -2. What is q(s)?
-2
Let p(r) be the first derivative of r**2/2 - 9*r - 530. Give p(14).
5
Let c(r) be the first derivative of -1/4*r**4 + 122 - 10/3*r**3 - 13*r - r**2. Calculate c(-10).
7
Let k(c) = -2522*c - 2519*c - 97 - 2507*c + 9968*c - 51*c**2 - 2524*c + c**3. Determine k(53).
9
Let q(b) = -b**2 - b - 72. Let j(f) = 5*f**2 + 5*f + 344. Let t(d) = -3*j(d) - 14*q(d). What is t(-4)?
-36
Suppose 2*c - 19 = -3*a, 4*c + c = 2*a + 38. Let m(p) = p**2 + 87*p. Let g(x) = 2*x**2 + 192*x + 2. Let z(f) = 5*g(f) - 11*m(f). What is z(c)?
-30
Let k(q) = q**2 + 3*q - 6. Let c(x) = x**2 + 11*x - 24. Let s be c(-13). Let w(o) = 3 + 3*o + 5*o**3 - 5*o**2 + 2*o**s + 2*o**2. Let f be w(-1). Determine k(f).
12
Suppose 0 = -4*v - 3 + 35. Suppose -1 - v = -3*q. Let l(f) = -7 + f**3 - 2*f**3 + 0*f**q + 9*f**2. Give l(9).
-7
Let z(s) be the second derivative of s**6/360 - s**5/24 + s**4/8 - 10*s**3/3 + s**2/2 - 17*s - 1. Let k(h) be the second derivative of z(h). Determine k(6).
9
Let q(c) = -c**3 - 20*c**2 - 19*c + 13. Let j = -5879 + 5860. What is q(j)?
13
Let l(k) = 24*k**2 + 17*k - 29. Let o(r) = -17*r**2 - 12*r + 20. Let u(v) = -5*l(v) - 7*o(v). What is u(-4)?
-7
Let t(g) = -g**3 - 6*g**2 + 12*g + 11. Suppose 0 = 4*d + 3*k + 17, 25*d + 5*k - 49 = 28*d. Give t(d).
43
Let h(a) = -101 + 36 + 6*a**2 + 28*a + 49 + 6*a**2 - a**3. Calculate h(14).
-16
Let x(m) = 1. Let d(g) = 20*g - 7. Let h(a) = -d(a) - 6*x(a). Let t(q) = 19*q - 1. Let s(c) = -3*h(c) - 2*t(c). Give s(-1).
-23
Let f(b) = -b**2 + 18*b + 91. Let s be f(22). Suppose s*z - 6*z = -z. Let d(n) = -n + 7. Give d(z).
7
Let l(f) = 3*f**2 + 7*f + 5. Let g(h) = -2*h**2 - 3*h - 2. Let s(d) = -5*g(d) - 3*l(d). Suppose -6 = -41*j + 38*j. Suppose -11*a + j = -75. Determine s(a).
2
Let y(g) = 7*g**3 - 16*g**2 - 17*g + 13. Let b(x) = 3*x**3 - 8*x**2 - 8*x + 6. Let s = 790 - 792. Let a(h) = s*y(h) + 5*b(h). Calculate a(8).
-44
Let t(m) = m**3 + 11*m**2 + 3*m + 1. Suppose 64*g - 61*g - 3*a = -12, -a - 6 = 0. Give t(g).
71
Let c(h) be the second derivative of -5/6*h**4 + 0 - 1/20*h**5 - 1/6*h**3 + 120*h + h**2. Give c(-10).
12
Let r(s) be the second derivative of -s**3 - 43*s**2/2 + s + 1222. What is r(-9)?
11
Let t(l) be the third derivative of -l**4/24 + 5*l**3/6 - 504*l**2 + 35. Let k = 0 - -4. What is t(k)?
1
Suppose 0 = 4*w - 6 - 14. Let h(c) be the third derivative of c**4/24 + 1512*c**2. Give h(w).
5
Let o(k) = -k**3 + 1640 - k + 4*k**2 - 1629 - 5*k. Determine o(3).
2
Let z(a) = -a**3 + 3*a**2 + 5*a. Suppose 104*g - 114*g - 40 = 0. Let h be 4*(g - -3)*-1. Calculate z(h).
4
Let q be 979/33 - (1 + 1/(-3)). Suppose q + 55 = 7*w. Suppose -w + 17 = -u. Let h(t) = t**2 + 6*t. Determine h(u).
-5
Let m(t) be the third derivative of t**6/120 + 13*t**5/60 - 7*t**4/12 + 5*t**3/3 + 2364*t**2. Let a be (-15)/(-10) + 31/(-2). What is m(a)?
10
Let v(p) be the third derivative of -p**5/30 + 2*p**4/3 + 5*p**3/3 + 34*p**2 + 1. Give v(8).
10
Let a = -1 - 6. Let y(s) = -s**2 - 4*s + 17. Let r be y(a). Let n be (r/(-2))/(24/60)*1. Let p(k) = k**3 - 4*k**2 - 6*k - 7. Calculate p(n).
-12
Let h(n) = 8*n**2 - 260*n + 37. Let u(k) = 4*k**2 - 141*k + 18. Let g(p) = 6*h(p) - 11*u(p). What is g(3)?
33
Suppose 3*u = 7 + 2. Suppose -2 = -u*n + j, 0*j - 16 = 2*n - 5*j. Let l(c) = -3 - 6 + 5*c - 1 + 2*c**2 - c**n. Determine l(-7).
4
Let m(v) be the first derivative of v**4/4 + 9*v**3 - 3*v**2/2 - 73*v - 590. What is m(-27)?
8
Let n(i) = 25*i - 1. Suppose 0 = -14*w + 14 + 56. Suppose 35*v = 37*v + 3*d - 10, -4*v + w*d = 2. Give n(v).
49
Let x be -7 - ((-2)/2 + 0). Let g = -1085 + 1095. Let o(j) = -3*j - 3*j + 3 - 2*j - g + 4*j. Give o(x).
17
Let r(p) = -6 + 2 + 31*p**2 + 2 + 10*p. Let j(t) = -46*t**2 - 16*t + 3. Let o(s) = -5*j(s) - 8*r(s). Give o(-1).
-17
Let m(l) = -l**3 - 2*l**2 + 4*l + 2. Let d = 53 - 59. Let y = -13 - -1. Let i be (d - y)*3/(-6). Calculate m(i).
-1
Let d(b) = -2*b**3 - 19*b**2 + 31*b - 29. Let g be d(-11). Let t(s) be the first derivative of s**4/4 + 7*s**3/3 - s**2/2 - 12*s + 3. Calculate t(g).
-5
Let m(n) = -141*n - 19. Let y(h) = -241*h - 36. Let c(u) = 5*m(u) - 3*y(u). Give c(-4).
-59
Let g = 12 + -7. Let v be g*1/(-3)*3. Let f(i) be the first derivative of i**4/4 + 4*i**3/3 - 7*i**2/2 - 6*i - 32. What is f(v)?
4
Let v(f) = -29*f - 562 - 557 + 2*f**2 + 1120 + 5*f**2. Give v(6).
79
Let i = -3 + 5. Let q(u) = u**2 + 2*u - 19. Let g be q(-6). Let 